15)*(-5)/2. Suppose 4*m + j = 7*m. What is the tens digit of m?
1
Let i(y) = -y**3 + 19*y**2 + 37*y - 25. What is the tens digit of i(17)?
8
Let d(x) = x**3 - 2*x**2 + 12*x - 7. Let w(y) = -y**3 + y**2 - 13*y + 7. Let b(f) = 5*d(f) + 4*w(f). What is the units digit of b(5)?
8
What is the tens digit of 2 - (2/1 - 323)?
2
Let q(n) = n**2 - 32*n + 63. Let s(c) = 2*c**2 - 64*c + 127. Let r(a) = -5*q(a) + 2*s(a). What is the units digit of r(24)?
1
Suppose 2*k = 5*u + 107, -60 = 2*k + 2*u - 160. What is the tens digit of k?
5
What is the units digit of (-63)/(-14)*(-3592)/(-6)?
4
Suppose -17079 = -7*j - 6257. What is the thousands digit of j?
1
Suppose 5*j - 3670 = -r, 5*j - 4247 = 3*r - 577. What is the units digit of j?
4
Let y = -92 - -95. Suppose -134 = -y*h - 26. What is the units digit of h?
6
Suppose 3*k = -2*l - 3*l + 4457, -l = -k + 1483. Suppose -8*n + k = -n. What is the tens digit of n?
1
Suppose 14 = 5*l - 6. Let t(s) = s**3 + 5*s**2 + 5*s + 5. Let b be t(-4). Suppose -b = 3*u - l. What is the units digit of u?
1
Suppose s + 40 = -3*s. Let b be (s/15)/((-2)/6). What is the tens digit of (2 - 2) + 44/b?
2
Suppose 7*p - 6 = p. Suppose -3*r + g - 11 = 0, r = -3*g - p + 4. What is the units digit of (-6 + r)/(-2 - -1)?
9
Let t = -381 - -633. What is the units digit of (t/(-30))/((-2)/10)?
2
Let d = -16 - -15. Let m be 7/(35/(-880))*d. Let x = m - 120. What is the units digit of x?
6
Suppose 6 - 26 = -4*r. Let v(g) = g + 15. What is the units digit of v(r)?
0
Let v(j) = 9*j**2 + 7*j - 21. What is the units digit of v(3)?
1
Let n = -313 - -439. Suppose 11*w - 5*w = n. What is the tens digit of w?
2
Let h(d) = d**3 - 13*d**2 + 11*d + 22. Let j be h(12). Let k = j - -22. What is the tens digit of k?
3
Let l(x) = 2*x - 11 + x + 0*x - 2*x. Let h be l(12). What is the units digit of 4/(2 + 1 - h)?
2
Let v = -8 - -19. Let m = -5 + v. Suppose r + 140 = m*r. What is the tens digit of r?
2
Let b = -6 + 8. Suppose 3*g - 20 = g - 4*s, 0 = b*g - s. What is the units digit of 1*(1 + g) + 9?
2
Suppose 0 = 5*w + 20, -2*i - 3*i + 5*w = -415. Let g = i + -69. What is the tens digit of g?
1
Let m(a) be the third derivative of -a**4/4 + a**3/6 - 6*a**2. Suppose 3*s = -z - 1 + 10, z - 2*s + 11 = 0. What is the tens digit of m(z)?
1
Let a be 2*(-3)/(9/3). What is the units digit of 68*(-5)/20*a?
4
Suppose -n - 5 = -6*n. Let k be n + 13 + (-3 - -5). Suppose 96 = 4*f + k. What is the units digit of f?
0
What is the hundreds digit of ((-42912)/16)/((-4)/2)?
3
Let a be ((-3)/(-2))/(6/28 + 0). Suppose 4*w - 603 = -3*k, 0 = 3*w - a*w + k + 615. What is the tens digit of w?
5
Let i(u) = u - 13. What is the units digit of i(16)?
3
Let g(m) be the second derivative of m**5/20 + 2*m**4/3 - 11*m**3/6 - 11*m**2 - 6*m. Let i be g(-9). What is the tens digit of 45 - ((-4)/i + 1)?
4
Suppose 4*i - 20 = -0*i. Suppose 2*p + 60 = f, -f - 3*f = -i*p - 228. What is the tens digit of f?
5
Let c(w) = 18*w**2 + 11*w - 7. What is the units digit of c(-5)?
8
Let f(o) = -6*o - 18. Let p be f(-10). Suppose 0 = -8*g + 6*g - p. Let a = 29 + g. What is the units digit of a?
8
Let z(i) = 14*i**3 - 22*i**2 - 4*i + 63. Let c(r) = -5*r**3 + 7*r**2 + r - 21. Let n(v) = -17*c(v) - 6*z(v). What is the tens digit of n(-10)?
0
Let u(a) = a**2 - a + 50. Let j be u(0). What is the units digit of j + (3 - 3)/1?
0
Suppose -3*i + 164 = 17. Suppose l = h + h - i, l - 107 = -4*h. Let t = 5 + h. What is the tens digit of t?
3
Let y be (4 - -2)/(-3) + 8. Suppose -2*h = -3*n + h + y, -5*h - 10 = 0. Suppose -72 = -3*z + 3*i - i, 4*z + 5*i - 119 = n. What is the tens digit of z?
2
Let m be (-10)/(-4)*(-14 + 16). Suppose -4*w + 3 = 3*a, 0 = -3*a - 5*w + 2 + 1. Suppose 0 = -m*k - 2*q + 22, k - 5*q = -a + 27. What is the units digit of k?
6
Let w = -26 - -30. Suppose -255 = -w*b - y + 60, -5*b = -y - 387. Let m = b - 39. What is the units digit of m?
9
Let s(z) be the second derivative of z**4/6 - z**3/6 - 13*z. What is the units digit of s(6)?
6
Let v(u) = 4*u**2 + 5*u + 5. Let m(r) = 7*r**2 + 10*r + 9. Let l(j) = -3*m(j) + 5*v(j). Let c be l(-3). What is the units digit of (-2169)/(-81) - c/(-18)?
7
Suppose -40*y - 10822 = -54*y. What is the hundreds digit of y?
7
Let o be (-11)/9 - 12/(-54). Let t(k) = -3*k**3 - 2*k**2 - 2*k - 1. Let b be t(o). Suppose -3 = -i + b. What is the units digit of i?
5
Let i(x) = x**3 + 14*x**2 + 35. What is the units digit of i(-14)?
5
Suppose -4*p + y + 22 = -0*p, -3*p + 5 = 5*y. Suppose 5*z - k - 4 = 123, 2*k = p*z - 124. What is the tens digit of z?
2
Suppose 0 = 12*u + 7*u - 19228. What is the hundreds digit of u?
0
Let a be (0 + (-51)/(-9))*(-4 - 2). Let i = 91 - a. What is the hundreds digit of i?
1
Suppose -592*p + 595*p = 372. What is the units digit of p?
4
Let a(d) = 16*d - 108. What is the tens digit of a(16)?
4
Let k = 17 + -9. Suppose 3*y + 13 = -53. Let z = k - y. What is the tens digit of z?
3
Let s = 266 + -203. What is the tens digit of s?
6
Let h(j) = 2*j**3 - 2*j**2 + 22*j + 38. What is the hundreds digit of h(14)?
4
Let s(k) be the first derivative of -k**3/3 - 7*k**2 + 8*k - 12. What is the units digit of s(-11)?
1
What is the hundreds digit of 3935/9 + -1*(-12)/(-54)?
4
Suppose 3*a = 5*z - 2508, 5*a = -7*z + 3*z + 2036. What is the tens digit of z?
0
Let g be (-3)/5 - ((-1284)/15 - 2). Suppose -6*y + g = -135. What is the tens digit of y?
3
Let t(n) = 154*n**2 - 2*n. What is the units digit of t(2)?
2
Suppose 0 = -i - c + 5, 4*i = c + 4*c - 25. Let f(g) be the second derivative of -g**3/6 + 17*g**2/2 + 2*g + 43. What is the units digit of f(i)?
7
Let r = -262 + 1114. What is the tens digit of r?
5
Let f = 1406 + -765. What is the units digit of f?
1
Suppose -62*f + 18084 = -40*f. What is the units digit of f?
2
Let p be 0/((-7)/(14/(-4))). Suppose p = 2*f + 2*h - 148, 4*h = -0*f - f + 74. What is the units digit of f?
4
Let y = -10 - -268. What is the units digit of y?
8
Suppose 2*f = -3*f - 545. Let j = 162 + f. What is the tens digit of j?
5
Let w(i) = 2*i**2 + 11*i + 8. Suppose 4*k + 36 = 8. What is the units digit of w(k)?
9
What is the thousands digit of (-56481)/(-15) + 6 + (-2)/5?
3
Let m be (-8 - -480) + (2 + -2 - 0). Suppose -10*y + m = -6*y. What is the hundreds digit of y?
1
What is the tens digit of 1 + 6 - (-22148)/98?
3
Suppose -3*p - 21 = 3*b, -b + 2*p = 4*b + 7. What is the hundreds digit of ((-856)/((-12)/b))/(1 + -3)?
1
Let u(j) = 2*j**2 + 11 - 9 - 6*j - 4*j - 3*j**2. Let m be u(-10). Suppose m*x - 5 = x. What is the units digit of x?
5
Let z be -5*10/(-25)*3. Let q(r) = 2*r + 10. Let h be q(z). What is the units digit of (24/(-14))/(h/(-154))?
2
Suppose 101 = 2*n + 303. Let c = 178 + n. What is the tens digit of c?
7
Let l be 5*3*(-1 - (-28)/21). What is the units digit of 1/l + 5/(50/438)?
4
Let b = -4 + 12. Let k = -14 + b. What is the units digit of (-153)/12*16/k?
4
Let m(j) = -6*j + 20. Let r = -2 + -1. Let t be (-5)/(-30)*r*18. What is the units digit of m(t)?
4
Suppose 0 = -b + 216 + 27. What is the units digit of b?
3
Let l(n) = -4*n**2 + 4*n + 3*n + 66*n**3 + 8 - 67*n**3. What is the tens digit of l(-6)?
3
Let f be (-4)/((-8)/(-2))*0. Suppose o - 82 = -4*n, f*o + 2*o = -5*n + 104. What is the tens digit of n?
2
Let z = -11 + 16. Suppose 3*t = 5*n + 1 + 1, -z*n = t - 14. What is the units digit of ((-23)/2)/((-1)/n)?
3
Let t = -34 + 39. Suppose -h = -2*h + 2*w + 18, 4*w + 84 = t*h. What is the units digit of h?
6
Let o = -8 + 8. Suppose o*r = 2*r. Suppose r = 3*j - 5*j + 54. What is the units digit of j?
7
Let g = 1632 - 890. What is the tens digit of g?
4
Let n(z) = -z**3 + 46*z**2 - 14*z - 49. What is the units digit of n(45)?
6
Let o(p) = 3*p + 6. Let r be o(1). Suppose 9*n = -r*n + 3636. What is the units digit of n?
2
Let x(l) be the first derivative of 6*l**3 + 29. What is the tens digit of x(-4)?
8
Let r = 147 + -144. What is the tens digit of (r - 1)/((-648)/(-322) - 2)?
6
Let b be 219/12 - 1/4. Let z = b - 12. What is the units digit of -2*(135/z)/(-5)?
9
Let g = 44 - 47. What is the tens digit of (7/g)/((-10)/150)?
3
Suppose 0 = 4*z, 3*z = 4*b + 6*z - 16. Suppose -10*y + b*y = -1386. What is the hundreds digit of y?
2
Let c be 16/(-64) + (-86)/8. Let a(l) = l**2 - 2*l + 6. Let i(u) = 6*u**2 - 11*u + 31. Let n(t) = c*a(t) 